{"version":"1.0","provider_name":"CELTIC NIGHT","provider_url":"https:\/\/www.keltska-noc.cz\/en","author_name":"David","author_url":"https:\/\/www.keltska-noc.cz\/en\/author\/admin\/","title":"Z\u00e1\u0161tita hejtmana olomouck\u00e9ho kraje - KELTSK\u00c1 NOC","type":"rich","width":600,"height":338,"html":"<blockquote class=\"wp-embedded-content\" data-secret=\"l31824aMgP\"><a href=\"https:\/\/www.keltska-noc.cz\/en\/zastita-hejtmana-olomouckeho-kraje\/\">Olomouc Region Governor patronage<\/a><\/blockquote><iframe sandbox=\"allow-scripts\" security=\"restricted\" src=\"https:\/\/www.keltska-noc.cz\/en\/zastita-hejtmana-olomouckeho-kraje\/embed\/#?secret=l31824aMgP\" width=\"600\" height=\"338\" title=\"&#8220;Z\u00e1\u0161tita hejtmana olomouck\u00e9ho kraje&#8221; &#8212; KELTSK\u00c1 NOC\" data-secret=\"l31824aMgP\" frameborder=\"0\" marginwidth=\"0\" marginheight=\"0\" scrolling=\"no\" class=\"wp-embedded-content\"><\/iframe><script type=\"text\/javascript\">\n\/* <![CDATA[ *\/\n\/*! This file is auto-generated *\/\n!function(d,l){\"use strict\";l.querySelector&&d.addEventListener&&\"undefined\"!=typeof URL&&(d.wp=d.wp||{},d.wp.receiveEmbedMessage||(d.wp.receiveEmbedMessage=function(e){var t=e.data;if((t||t.secret||t.message||t.value)&&!\/[^a-zA-Z0-9]\/.test(t.secret)){for(var s,r,n,a=l.querySelectorAll('iframe[data-secret=\"'+t.secret+'\"]'),o=l.querySelectorAll('blockquote[data-secret=\"'+t.secret+'\"]'),c=new RegExp(\"^https?:$\",\"i\"),i=0;i<o.length;i++)o[i].style.display=\"none\";for(i=0;i<a.length;i++)s=a[i],e.source===s.contentWindow&&(s.removeAttribute(\"style\"),\"height\"===t.message?(1e3<(r=parseInt(t.value,10))?r=1e3:~~r<200&&(r=200),s.height=r):\"link\"===t.message&&(r=new URL(s.getAttribute(\"src\")),n=new URL(t.value),c.test(n.protocol))&&n.host===r.host&&l.activeElement===s&&(d.top.location.href=t.value))}},d.addEventListener(\"message\",d.wp.receiveEmbedMessage,!1),l.addEventListener(\"DOMContentLoaded\",function(){for(var e,t,s=l.querySelectorAll(\"iframe.wp-embedded-content\"),r=0;r<s.length;r++)(t=(e=s[r]).getAttribute(\"data-secret\"))||(t=Math.random().toString(36).substring(2,12),e.src+=\"#?secret=\"+t,e.setAttribute(\"data-secret\",t)),e.contentWindow.postMessage({message:\"ready\",secret:t},\"*\")},!1)))}(window,document);\n\/\/# sourceURL=https:\/\/www.keltska-noc.cz\/wp-includes\/js\/wp-embed.min.js\n\/* ]]> *\/\n<\/script>","thumbnail_url":"https:\/\/www.keltska-noc.cz\/wp-content\/uploads\/2025\/03\/zastita-hejtman-2025.jpg","thumbnail_width":1000,"thumbnail_height":1410,"description":"M\u00e1me tu \u010dest ozn\u00e1mit, \u017ee z\u00e1\u0161titu nad leto\u0161n\u00edm ro\u010dn\u00edkem festivalu Keltsk\u00e1 noc 2025 p\u0159evzal osobn\u011b hejtman olomouck\u00e9ho kraje pan Ladislav Okle\u0161t\u011bk. Olomouck\u00e9mu kraji d\u011bkujeme za dlouhodobou podporu na\u0161eho festivalu! Organiza\u010dn\u00ed t\u00fdm KN."}

Záštita hejtmana olomouckého kraje - KELTSKÁ NOC

<blockquote class="wp-embedded-content" data-secret="l31824aMgP"><a href="https://www.keltska-noc.cz/en/zastita-hejtmana-olomouckeho-kraje/">Olomouc Region Governor patronage</a></blockquote><iframe sandbox="allow-scripts" security="restricted" src="https://www.keltska-noc.cz/en/zastita-hejtmana-olomouckeho-kraje/embed/#?secret=l31824aMgP" width="600" height="338" title="&#8220;Záštita hejtmana olomouckého kraje&#8221; &#8212; KELTSKÁ NOC" data-secret="l31824aMgP" frameborder="0" marginwidth="0" marginheight="0" scrolling="no" class="wp-embedded-content"></iframe><script type="text/javascript">
/* <![CDATA[ */
/*! This file is auto-generated */
!function(d,l){"use strict";l.querySelector&&d.addEventListener&&"undefined"!=typeof URL&&(d.wp=d.wp||{},d.wp.receiveEmbedMessage||(d.wp.receiveEmbedMessage=function(e){var t=e.data;if((t||t.secret||t.message||t.value)&&!/[^a-zA-Z0-9]/.test(t.secret)){for(var s,r,n,a=l.querySelectorAll('iframe[data-secret="'+t.secret+'"]'),o=l.querySelectorAll('blockquote[data-secret="'+t.secret+'"]'),c=new RegExp("^https?:$","i"),i=0;i<o.length;i++)o[i].style.display="none";for(i=0;i<a.length;i++)s=a[i],e.source===s.contentWindow&&(s.removeAttribute("style"),"height"===t.message?(1e3<(r=parseInt(t.value,10))?r=1e3:~~r<200&&(r=200),s.height=r):"link"===t.message&&(r=new URL(s.getAttribute("src")),n=new URL(t.value),c.test(n.protocol))&&n.host===r.host&&l.activeElement===s&&(d.top.location.href=t.value))}},d.addEventListener("message",d.wp.receiveEmbedMessage,!1),l.addEventListener("DOMContentLoaded",function(){for(var e,t,s=l.querySelectorAll("iframe.wp-embedded-content"),r=0;r<s.length;r++)(t=(e=s[r]).getAttribute("data-secret"))||(t=Math.random().toString(36).substring(2,12),e.src+="#?secret="+t,e.setAttribute("data-secret",t)),e.contentWindow.postMessage({message:"ready",secret:t},"*")},!1)))}(window,document);
//# sourceURL=https://www.keltska-noc.cz/wp-includes/js/wp-embed.min.js
/* ]]> */
</script>

Máme tu čest oznámit, že záštitu nad letošním ročníkem festivalu Keltská noc 2025 převzal osobně hejtman olomouckého kraje pan Ladislav Okleštěk. Olomouckému kraji děkujeme za dlouhodobou podporu našeho festivalu! Organizační tým KN.
